{"id":563,"date":"2018-06-18T20:05:31","date_gmt":"2018-06-18T20:05:31","guid":{"rendered":"http:\/\/mirkakaarina.fi\/?page_id=563"},"modified":"2024-05-01T17:41:23","modified_gmt":"2024-05-01T17:41:23","slug":"jazz-projects","status":"publish","type":"page","link":"https:\/\/mirkakaarina.fi\/?page_id=563","title":{"rendered":"Jazz-projektit \/ Jazzy projects"},"content":{"rendered":"\nOman singer-songwriter-materiaalin lis\u00e4ksi intohimoni on jazz-musiikki.&nbsp;Toimin solistina useissa groovaavissa kokoonpanoissa. N\u00e4ist\u00e4 pitk\u00e4aikaisin on Billie Joelina -duo. \n\nBILLIE JOELINA\nElegantisti svengaava Billie Joelina tunnetaan erityisesti Billy Joelin kappaleiden uusiosanoituksista. Lis\u00e4ksi setiss\u00e4 soivat vekkulit sovitukset pop-rock-klassikoista, jazz-standardit sek\u00e4 tunnelmalliset laulelmat. Tamperelaisduossa musisoivat pianisti Taina Sahlander sek\u00e4 vokalisti MirkaKaarina. \n <em><\/em>\n\nI&#8217;m involved in several groovy<\/em>&nbsp;<em>orchestras as the vocalist.\n\nBILLIE JOELINA: \nBillie Joelina celebrates Billy Joel&#8217;s catalogue both in Finnish and in English. In addition to this, the elegant duo of piano (Taina Sahlander) and vocals (Mirka R\u00e4is\u00e4nen) is also known for its witty adaptations of pop rock classics and jazz standards. <a href=\"https:\/\/www.facebook.com\/greenvelvetjazzband\">Green Velvet<\/a> -yhtyeess\u00e4, <a href=\"https:\/\/www.facebook.com\/mamasswingriot\">Mama&#8217;s Swing Riot<\/a> -orkesterissa, Billie &amp; Bo\u00b4-duossa, <span class=\"_4yxp\"><a href=\"https:\/\/www.facebook.com\/billiejoelina\">Billie Joelina<\/a> -duossa sek\u00e4&nbsp;<\/span><span class=\"_4yxp\">Brew 44 -duossa<\/span>. \/ <em><\/em>\n\n\n\n<div class=\"wp-block-group is-layout-flow wp-block-group-is-layout-flow\"><div class=\"wp-block-group__inner-container\">\n&nbsp;\n<\/div><\/div>\n\n\n\n<div class=\"wp-block-group is-layout-flow wp-block-group-is-layout-flow\"><div class=\"wp-block-group__inner-container\">\n<div class=\"wp-block-group is-layout-flow wp-block-group-is-layout-flow\"><div class=\"wp-block-group__inner-container\">\n<figure class=\"wp-block-gallery has-nested-images columns-default is-cropped wp-block-gallery-2 is-layout-flex wp-block-gallery-is-layout-flex\">\n<figure class=\"wp-block-image size-large\"><img decoding=\"async\" loading=\"lazy\" width=\"1024\" height=\"883\" src=\"https:\/\/mirkakaarina.fi\/wp-content\/uploads\/2019\/04\/Billie-Joelina_Tehdas108_sillalla_tiukka-rajaus-1024x883.jpg\" alt=\"\" class=\"wp-image-948\" srcset=\"https:\/\/mirkakaarina.fi\/wp-content\/uploads\/2019\/04\/Billie-Joelina_Tehdas108_sillalla_tiukka-rajaus-1024x883.jpg 1024w, https:\/\/mirkakaarina.fi\/wp-content\/uploads\/2019\/04\/Billie-Joelina_Tehdas108_sillalla_tiukka-rajaus-150x129.jpg 150w, https:\/\/mirkakaarina.fi\/wp-content\/uploads\/2019\/04\/Billie-Joelina_Tehdas108_sillalla_tiukka-rajaus-300x259.jpg 300w, https:\/\/mirkakaarina.fi\/wp-content\/uploads\/2019\/04\/Billie-Joelina_Tehdas108_sillalla_tiukka-rajaus-768x662.jpg 768w\" sizes=\"(max-width: 1024px) 100vw, 1024px\" \/><\/figure>\n\n\n\n<figure class=\"wp-block-image size-large\"><img decoding=\"async\" loading=\"lazy\" width=\"1024\" height=\"683\" src=\"https:\/\/mirkakaarina.fi\/wp-content\/uploads\/2021\/01\/Green-Velvet_promo_portaat_nimella-1024x683.jpg\" alt=\"\" class=\"wp-image-1345\" srcset=\"https:\/\/mirkakaarina.fi\/wp-content\/uploads\/2021\/01\/Green-Velvet_promo_portaat_nimella-1024x683.jpg 1024w, https:\/\/mirkakaarina.fi\/wp-content\/uploads\/2021\/01\/Green-Velvet_promo_portaat_nimella-300x200.jpg 300w, https:\/\/mirkakaarina.fi\/wp-content\/uploads\/2021\/01\/Green-Velvet_promo_portaat_nimella-150x100.jpg 150w, https:\/\/mirkakaarina.fi\/wp-content\/uploads\/2021\/01\/Green-Velvet_promo_portaat_nimella-768x512.jpg 768w, https:\/\/mirkakaarina.fi\/wp-content\/uploads\/2021\/01\/Green-Velvet_promo_portaat_nimella-1536x1024.jpg 1536w, https:\/\/mirkakaarina.fi\/wp-content\/uploads\/2021\/01\/Green-Velvet_promo_portaat_nimella.jpg 1800w\" sizes=\"(max-width: 1024px) 100vw, 1024px\" \/><\/figure>\n\n\n\n<figure class=\"wp-block-image size-large\"><img decoding=\"async\" loading=\"lazy\" width=\"917\" height=\"917\" src=\"https:\/\/mirkakaarina.fi\/wp-content\/uploads\/2021\/10\/Billie-Bo_promo_marras2021.jpg\" alt=\"\" class=\"wp-image-1524\" srcset=\"https:\/\/mirkakaarina.fi\/wp-content\/uploads\/2021\/10\/Billie-Bo_promo_marras2021.jpg 917w, https:\/\/mirkakaarina.fi\/wp-content\/uploads\/2021\/10\/Billie-Bo_promo_marras2021-300x300.jpg 300w, https:\/\/mirkakaarina.fi\/wp-content\/uploads\/2021\/10\/Billie-Bo_promo_marras2021-150x150.jpg 150w, https:\/\/mirkakaarina.fi\/wp-content\/uploads\/2021\/10\/Billie-Bo_promo_marras2021-768x768.jpg 768w\" sizes=\"(max-width: 917px) 100vw, 917px\" \/><\/figure>\n<\/figure>\n\n\n\n<p><\/p>\n<\/div><\/div>\n<\/div><\/div>\n\n\n<p><iframe loading=\"lazy\" title=\"Green Velvet - Yardbird Suite (&quot;Practice Room Jam Session&quot; 2020)\" width=\"640\" height=\"360\" src=\"https:\/\/www.youtube.com\/embed\/wiv8L2-1RJ0?feature=oembed\" frameborder=\"0\" allow=\"accelerometer; autoplay; clipboard-write; encrypted-media; gyroscope; picture-in-picture; web-share\" referrerpolicy=\"strict-origin-when-cross-origin\" allowfullscreen><\/iframe><\/p>\n\n\n<p><iframe loading=\"lazy\" title=\"New York State of Mind (Billy Joel) cover by Billie Joelina\" width=\"640\" height=\"360\" src=\"https:\/\/www.youtube.com\/embed\/dFGMmGf_Tjo?feature=oembed\" frameborder=\"0\" allow=\"accelerometer; autoplay; clipboard-write; encrypted-media; gyroscope; picture-in-picture; web-share\" referrerpolicy=\"strict-origin-when-cross-origin\" allowfullscreen><\/iframe><\/p>\n\n\n<p><iframe loading=\"lazy\" title=\"Hon \u00e4r s\u00e5 s\u00f6t (Bo Kaspers Orkester) cover by Billie Joelina\" width=\"640\" height=\"360\" src=\"https:\/\/www.youtube.com\/embed\/mLymsGTjkaM?feature=oembed\" frameborder=\"0\" allow=\"accelerometer; autoplay; clipboard-write; encrypted-media; gyroscope; picture-in-picture; web-share\" referrerpolicy=\"strict-origin-when-cross-origin\" allowfullscreen><\/iframe><\/p>\n\n\n<p><iframe loading=\"lazy\" title=\"Billie &amp; Bo\u00b4- jazz and chanson (live @ Tampere 2021)\" width=\"640\" height=\"360\" src=\"https:\/\/www.youtube.com\/embed\/3GLs_9ShiTM?feature=oembed\" frameborder=\"0\" allow=\"accelerometer; autoplay; clipboard-write; encrypted-media; gyroscope; picture-in-picture; web-share\" referrerpolicy=\"strict-origin-when-cross-origin\" allowfullscreen><\/iframe><\/p>\n\n\n<p><iframe loading=\"lazy\" title=\"Mamas Swing Riot (promo 2021)\" width=\"640\" height=\"360\" src=\"https:\/\/www.youtube.com\/embed\/e3r91-1REcg?feature=oembed\" frameborder=\"0\" allow=\"accelerometer; autoplay; clipboard-write; encrypted-media; gyroscope; picture-in-picture; web-share\" referrerpolicy=\"strict-origin-when-cross-origin\" allowfullscreen><\/iframe><\/p>\n\n\n<p><iframe loading=\"lazy\" title=\"Green Velvet - This Masquerade (&quot;Practice Room Jam Session&quot; 2021)\" width=\"640\" height=\"360\" src=\"https:\/\/www.youtube.com\/embed\/SoFyPP3Zowk?feature=oembed\" frameborder=\"0\" allow=\"accelerometer; autoplay; clipboard-write; encrypted-media; gyroscope; picture-in-picture; web-share\" referrerpolicy=\"strict-origin-when-cross-origin\" allowfullscreen><\/iframe><\/p>\n\n\n\n<p><em>T\u00e4m\u00e4n sivun kuvat: Juha Lemmetti (Billie Joelina sek\u00e4 Green Velvet) <\/em><\/p>\n","protected":false},"excerpt":{"rendered":"<p>Oman singer-songwriter-materiaalin lis\u00e4ksi intohimoni on jazz-musiikki.&nbsp;Toimin solistina useissa groovaavissa kokoonpanoissa. N\u00e4ist\u00e4 pitk\u00e4aikaisin on Billie Joelina -duo. BILLIE JOELINA Elegantisti svengaava Billie Joelina tunnetaan erityisesti Billy Joelin kappaleiden uusiosanoituksista. Lis\u00e4ksi setiss\u00e4 soivat vekkulit sovitukset pop-rock-klassikoista, jazz-standardit sek\u00e4 tunnelmalliset laulelmat. Tamperelaisduossa musisoivat pianisti Taina Sahlander sek\u00e4 vokalisti MirkaKaarina. I&#8217;m involved in several groovy&nbsp;orchestras as the vocalist. BILLIE [&hellip;]<\/p>\n","protected":false},"author":2,"featured_media":216,"parent":0,"menu_order":0,"comment_status":"closed","ping_status":"closed","template":"","meta":{"footnotes":""},"yoast_head":"<!-- This site is optimized with the Yoast SEO plugin v21.3 - https:\/\/yoast.com\/wordpress\/plugins\/seo\/ -->\n<title>Jazz-projektit \/ Jazzy projects - MirkaKaarina<\/title>\n<meta name=\"robots\" content=\"index, follow, max-snippet:-1, max-image-preview:large, max-video-preview:-1\" \/>\n<link rel=\"canonical\" href=\"https:\/\/mirkakaarina.fi\/?page_id=563\" \/>\n<meta property=\"og:locale\" content=\"fi_FI\" \/>\n<meta property=\"og:type\" content=\"article\" \/>\n<meta property=\"og:title\" content=\"Jazz-projektit \/ Jazzy projects - MirkaKaarina\" \/>\n<meta property=\"og:description\" content=\"Oman singer-songwriter-materiaalin lis\u00e4ksi intohimoni on jazz-musiikki.&nbsp;Toimin solistina useissa groovaavissa kokoonpanoissa. N\u00e4ist\u00e4 pitk\u00e4aikaisin on Billie Joelina -duo. BILLIE JOELINA Elegantisti svengaava Billie Joelina tunnetaan erityisesti Billy Joelin kappaleiden uusiosanoituksista. Lis\u00e4ksi setiss\u00e4 soivat vekkulit sovitukset pop-rock-klassikoista, jazz-standardit sek\u00e4 tunnelmalliset laulelmat. Tamperelaisduossa musisoivat pianisti Taina Sahlander sek\u00e4 vokalisti MirkaKaarina. I&#8217;m involved in several groovy&nbsp;orchestras as the vocalist. BILLIE [&hellip;]\" \/>\n<meta property=\"og:url\" content=\"https:\/\/mirkakaarina.fi\/?page_id=563\" \/>\n<meta property=\"og:site_name\" content=\"MirkaKaarina\" \/>\n<meta property=\"article:modified_time\" content=\"2024-05-01T17:41:23+00:00\" \/>\n<meta property=\"og:image\" content=\"https:\/\/mirkakaarina.fi\/wp-content\/uploads\/2017\/02\/IMG_3925_small.jpg\" \/>\n\t<meta property=\"og:image:width\" content=\"1024\" \/>\n\t<meta property=\"og:image:height\" content=\"683\" \/>\n\t<meta property=\"og:image:type\" content=\"image\/jpeg\" \/>\n<meta name=\"twitter:card\" content=\"summary_large_image\" \/>\n<meta name=\"twitter:label1\" content=\"Arvioitu lukuaika\" \/>\n\t<meta name=\"twitter:data1\" content=\"2 minuuttia\" \/>\n<script type=\"application\/ld+json\" class=\"yoast-schema-graph\">{\"@context\":\"https:\/\/schema.org\",\"@graph\":[{\"@type\":\"WebPage\",\"@id\":\"https:\/\/mirkakaarina.fi\/?page_id=563\",\"url\":\"https:\/\/mirkakaarina.fi\/?page_id=563\",\"name\":\"Jazz-projektit \/ Jazzy projects - MirkaKaarina\",\"isPartOf\":{\"@id\":\"https:\/\/mirkakaarina.fi\/#website\"},\"datePublished\":\"2018-06-18T20:05:31+00:00\",\"dateModified\":\"2024-05-01T17:41:23+00:00\",\"breadcrumb\":{\"@id\":\"https:\/\/mirkakaarina.fi\/?page_id=563#breadcrumb\"},\"inLanguage\":\"fi\",\"potentialAction\":[{\"@type\":\"ReadAction\",\"target\":[\"https:\/\/mirkakaarina.fi\/?page_id=563\"]}]},{\"@type\":\"BreadcrumbList\",\"@id\":\"https:\/\/mirkakaarina.fi\/?page_id=563#breadcrumb\",\"itemListElement\":[{\"@type\":\"ListItem\",\"position\":1,\"name\":\"Home\",\"item\":\"https:\/\/mirkakaarina.fi\/\"},{\"@type\":\"ListItem\",\"position\":2,\"name\":\"Jazz-projektit \/ Jazzy projects\"}]},{\"@type\":\"WebSite\",\"@id\":\"https:\/\/mirkakaarina.fi\/#website\",\"url\":\"https:\/\/mirkakaarina.fi\/\",\"name\":\"MirkaKaarina\",\"description\":\"Laulaja, lauluntekij\u00e4, laulunopettaja\",\"potentialAction\":[{\"@type\":\"SearchAction\",\"target\":{\"@type\":\"EntryPoint\",\"urlTemplate\":\"https:\/\/mirkakaarina.fi\/?s={search_term_string}\"},\"query-input\":\"required name=search_term_string\"}],\"inLanguage\":\"fi\"}]}<\/script>\n<!-- \/ Yoast SEO plugin. -->","yoast_head_json":{"title":"Jazz-projektit \/ Jazzy projects - MirkaKaarina","robots":{"index":"index","follow":"follow","max-snippet":"max-snippet:-1","max-image-preview":"max-image-preview:large","max-video-preview":"max-video-preview:-1"},"canonical":"https:\/\/mirkakaarina.fi\/?page_id=563","og_locale":"fi_FI","og_type":"article","og_title":"Jazz-projektit \/ Jazzy projects - MirkaKaarina","og_description":"Oman singer-songwriter-materiaalin lis\u00e4ksi intohimoni on jazz-musiikki.&nbsp;Toimin solistina useissa groovaavissa kokoonpanoissa. N\u00e4ist\u00e4 pitk\u00e4aikaisin on Billie Joelina -duo. BILLIE JOELINA Elegantisti svengaava Billie Joelina tunnetaan erityisesti Billy Joelin kappaleiden uusiosanoituksista. Lis\u00e4ksi setiss\u00e4 soivat vekkulit sovitukset pop-rock-klassikoista, jazz-standardit sek\u00e4 tunnelmalliset laulelmat. Tamperelaisduossa musisoivat pianisti Taina Sahlander sek\u00e4 vokalisti MirkaKaarina. I&#8217;m involved in several groovy&nbsp;orchestras as the vocalist. BILLIE [&hellip;]","og_url":"https:\/\/mirkakaarina.fi\/?page_id=563","og_site_name":"MirkaKaarina","article_modified_time":"2024-05-01T17:41:23+00:00","og_image":[{"width":1024,"height":683,"url":"https:\/\/mirkakaarina.fi\/wp-content\/uploads\/2017\/02\/IMG_3925_small.jpg","type":"image\/jpeg"}],"twitter_card":"summary_large_image","twitter_misc":{"Arvioitu lukuaika":"2 minuuttia"},"schema":{"@context":"https:\/\/schema.org","@graph":[{"@type":"WebPage","@id":"https:\/\/mirkakaarina.fi\/?page_id=563","url":"https:\/\/mirkakaarina.fi\/?page_id=563","name":"Jazz-projektit \/ Jazzy projects - MirkaKaarina","isPartOf":{"@id":"https:\/\/mirkakaarina.fi\/#website"},"datePublished":"2018-06-18T20:05:31+00:00","dateModified":"2024-05-01T17:41:23+00:00","breadcrumb":{"@id":"https:\/\/mirkakaarina.fi\/?page_id=563#breadcrumb"},"inLanguage":"fi","potentialAction":[{"@type":"ReadAction","target":["https:\/\/mirkakaarina.fi\/?page_id=563"]}]},{"@type":"BreadcrumbList","@id":"https:\/\/mirkakaarina.fi\/?page_id=563#breadcrumb","itemListElement":[{"@type":"ListItem","position":1,"name":"Home","item":"https:\/\/mirkakaarina.fi\/"},{"@type":"ListItem","position":2,"name":"Jazz-projektit \/ Jazzy projects"}]},{"@type":"WebSite","@id":"https:\/\/mirkakaarina.fi\/#website","url":"https:\/\/mirkakaarina.fi\/","name":"MirkaKaarina","description":"Laulaja, lauluntekij\u00e4, laulunopettaja","potentialAction":[{"@type":"SearchAction","target":{"@type":"EntryPoint","urlTemplate":"https:\/\/mirkakaarina.fi\/?s={search_term_string}"},"query-input":"required name=search_term_string"}],"inLanguage":"fi"}]}},"_links":{"self":[{"href":"https:\/\/mirkakaarina.fi\/index.php?rest_route=\/wp\/v2\/pages\/563"}],"collection":[{"href":"https:\/\/mirkakaarina.fi\/index.php?rest_route=\/wp\/v2\/pages"}],"about":[{"href":"https:\/\/mirkakaarina.fi\/index.php?rest_route=\/wp\/v2\/types\/page"}],"author":[{"embeddable":true,"href":"https:\/\/mirkakaarina.fi\/index.php?rest_route=\/wp\/v2\/users\/2"}],"replies":[{"embeddable":true,"href":"https:\/\/mirkakaarina.fi\/index.php?rest_route=%2Fwp%2Fv2%2Fcomments&post=563"}],"version-history":[{"count":41,"href":"https:\/\/mirkakaarina.fi\/index.php?rest_route=\/wp\/v2\/pages\/563\/revisions"}],"predecessor-version":[{"id":1896,"href":"https:\/\/mirkakaarina.fi\/index.php?rest_route=\/wp\/v2\/pages\/563\/revisions\/1896"}],"wp:featuredmedia":[{"embeddable":true,"href":"https:\/\/mirkakaarina.fi\/index.php?rest_route=\/wp\/v2\/media\/216"}],"wp:attachment":[{"href":"https:\/\/mirkakaarina.fi\/index.php?rest_route=%2Fwp%2Fv2%2Fmedia&parent=563"}],"curies":[{"name":"wp","href":"https:\/\/api.w.org\/{rel}","templated":true}]}}